 7*t(a). Give z(n).
-4
Let b(u) = -2 + 34142*u - 34145*u + 5 + 3. Calculate b(4).
-6
Let d(a) = -5*a**2 + 3*a + 4. Let w(h) = -6*h**2 + 4*h + 5. Let m be (4 - 0)*9/12. Let o(n) = m*w(n) - 4*d(n). Give o(1).
1
Let t(p) = 9*p + 21. Let v(s) = 2*s + 4 + s - s. Let r(a) = 4*t(a) - 21*v(a). Suppose 0 = -4*z - 4*h - 12, -4*h + 13 = z - 7*h. Determine r(z).
-6
Suppose -4*r - 4*h + 12 = -0*h, 5*h = 4*r + 24. Let i = 4 - r. Let j(k) = -k**3 + 4*k**2 + k + 5. Calculate j(i).
-15
Let o = -1899 + 1887. Let t(p) = 2*p + 31. Give t(o).
7
Let t(w) = w**3 + 2*w**2 + w + 3. Let g(p) = -p**3 - 3*p**2 - 2*p - 3. Let h(l) = 4*g(l) + 5*t(l). Calculate h(3).
3
Let w be (2/(-4))/(4/(-24)). Let y(n) be the second derivative of -1/3*n**3 + 0 - 7*n + n**2 + 1/20*n**5 - 1/6*n**4. Calculate y(w).
5
Let p(c) = c**2 - 7*c + 1. Suppose f + 62 = -2*b - 2*b, 3*f + 5*b + 193 = 0. Let h = -61 - f. What is p(h)?
-9
Let v(k) = 1. Let l(i) be the first derivative of -i**2/2 + 9*i - 34. Let h(w) = -l(w) + 5*v(w). Let p = 7 + -4. Determine h(p).
-1
Let o(u) be the first derivative of -u**4/4 - 3*u**2/2 + 3*u + 459. Let h(j) = -j**3 + 0 - 2*j + 2 + j. Let d be h(0). Calculate o(d).
-11
Let y(j) = j**2 + 7*j - 5. Let d(u) = 4*u**2 + 28*u - 19. Let f(a) = -a**3 + 14*a**2 - 12*a - 11. Let t be f(13). Let x(p) = t*d(p) - 9*y(p). Determine x(-8).
-1
Let k(q) = -q**2 - q - 1. Let p be k(-2). Let d(f) be the first derivative of 2 + 1/2*f**2 + 7*f. Calculate d(p).
4
Let r(z) be the second derivative of -z**4/12 - z**3/3 - 5*z**2/2 + z. Suppose 0*l + 24 = -3*l. Let p be (30/6)/1*l/10. Determine r(p).
-13
Let s(r) be the third derivative of -13*r**5/60 - r**4/24 - 55*r**2. Give s(-1).
-12
Let m(d) = d**3 + 9*d**2 + 6*d - 9. Let g be 1/((-2)/(-3)*(-66)/352). Determine m(g).
7
Let r(j) = -j**2 + 9*j + 17. Let n = -3044 + 3051. Determine r(n).
31
Let g(s) = -s**3 - 10*s**2 - 3*s + 26. Let t be g(-11). Let l(k) = -173*k**2 + 8*k + 0*k**3 + t*k**2 + k**3 + 3. What is l(-5)?
13
Let r = 220 - 215. Let w(t) = t**2 - 5*t - 2. Determine w(r).
-2
Suppose -z + 2 = 8. Let h = -6 - z. Suppose -5*t - 18 = -4*c, -c - 4 = 3*t - h. Let l(p) = p**3 - 2*p**2 - 3*p + 3. What is l(c)?
-3
Let o(f) = 14*f - 5 - 10*f - 7*f. Let a be (-9)/2*12/9. Determine o(a).
13
Let j(m) = 4*m**2 - m - 5. Let s(f) = 9*f**2 - 4*f - 11. Let q(b) = 7*j(b) - 3*s(b). What is q(-6)?
4
Let w(n) be the first derivative of -n**4/4 + 2*n**3/3 + 2*n - 4. Let l = 4 + -1. What is w(l)?
-7
Let l(d) = -d**2 + 2*d + 1. Let u be (-7 - (-13)/2)/((-2)/(-4)). Determine l(u).
-2
Let j(l) = -l**3 - 8*l**2 - 8*l + 4. Let n be (-2 + 1)*-5 - -2. Let i be (-29)/5 + n/(-35). What is j(i)?
-20
Let g(b) = -b**2 + 6*b + 4. Let d be 11 + (-4)/(-2)*39/(-26). Determine g(d).
-12
Let b(k) = k**3 + 7*k**2 + 4*k - 1. Suppose 0 = 4*a + 2*x + 94, 4*a - 3*a + 5*x = -19. Let l be 7/(-14)*a/(-2). Determine b(l).
11
Let t(d) be the first derivative of d**3/3 + d**2/2 + 6. Let o be t(-1). Let u(p) = -p**2 - p + 14. Give u(o).
14
Let x(a) = a - 5. Let c be x(6). Let g(b) = -26*b - 1. Calculate g(c).
-27
Let q(s) = -s. Let j = -59 - -57. Let u = j + 8. What is q(u)?
-6
Suppose 4*z = 2*g + 23 - 7, -5*z = g - 20. Let d(w) be the second derivative of 3/2*w**2 - 5/12*w**4 - 4*w + 1/20*w**5 + 1/2*w**3 + g. Determine d(3).
-6
Let l(b) be the first derivative of b**4/4 + 14*b**3/3 + 12*b**2 - b - 100. Give l(-12).
-1
Suppose 0 = -s + 3*s + 12. Let v be 0*(2 - s/(-4)). Suppose v = c + n + 10, -1 = -c + 2*n + 1. Let d(w) = 3*w + 9. What is d(c)?
-9
Let i be 245/85 + (-6)/(-51). Let f(y) = 4*y - 10. Determine f(i).
2
Let s(z) = z**3 - 182 - 10*z**2 + 0*z**3 - z + 186. Calculate s(10).
-6
Let x(n) = n + 7. Suppose 0 = -6*o - 0*o + 30. Determine x(o).
12
Let h(i) = i**2 - 4*i - 17 + 15 + 8 - 4*i + 4. Give h(7).
3
Let m = -34 - -41. Suppose 4*o - 32 = -3*i, 2 = i + o - m. Let p(r) = 0*r**2 - r + 3*r**2 - 1 - 2*r**2 - r. What is p(i)?
7
Suppose 3*r = 5*t - 3, r - 4*r - 2*t + 18 = 0. Let s(u) = 2*u + 1. What is s(r)?
9
Let y(s) be the second derivative of -19*s + 0 - 1/6*s**3 + 5/2*s**2. Give y(5).
0
Let q(k) be the third derivative of -k**5/60 + k**4/4 + k**3 - 192*k**2 - 2. Let r = 16 + -10. Give q(r).
6
Let r(s) = s**2 + 4*s - 2. Let b = -4 - -6. Let g = 0 + -6. Let k = g + b. Calculate r(k).
-2
Let t(r) = -r**2 - 5*r + 2. Let w be t(-5). Suppose -l - w = -2*l. Let f(d) = 0 + 3*d**2 + 0*d**3 + l*d - d**3 + 3*d - 1. Give f(4).
3
Let x(i) = -i**3 - 4*i**2 - 2*i - 5. Let a be x(-4). Let w be 3 + (a + 0)*-1. Let o(g) = -4 - 4*g**3 + 0 + 3*g**3 - g. Give o(w).
-4
Let y(l) = -l - 4. Let r = 3 + -8. Let j = -288 - -293. Let s be 3 + r + 0 + j. Give y(s).
-7
Let f(n) = -16*n**2 - 6*n - 2. Let b(z) = 13*z**2 + 6*z + 2. Let u(d) = 5*b(d) + 4*f(d). Suppose k = -k - 12. Let s be 51/(-9) - 4/k. What is u(s)?
-3
Suppose -5*w = -0*b - b + 42, -46 = -b + 3*w. Let n = b - 50. Let v(m) = -m**3 + m**2 - m + 2. Calculate v(n).
-4
Suppose 94*x - 97*x = -5*g + 26, -4*g + 25 = -3*x. Let j(m) be the second derivative of m**5/20 + m**4/2 - 7*m**3/6 + 8*m. Calculate j(x).
0
Let q = 14 - 10. Let k be 3*-1*(q + -5). Suppose 4*l = k*l. Let o(m) = -m**2 - m - 6. Give o(l).
-6
Let n(o) = 5*o + 1. Let i(m) = 2*m + 1. Let s(w) = 2*i(w) - n(w). Determine s(-6).
7
Let f(c) = -2*c + 8. Let i = 365 + -374. Determine f(i).
26
Let o(n) be the third derivative of -1/8*n**4 - 1/120*n**6 + 1/12*n**5 + 0*n + 2*n**2 + 7/6*n**3 + 0. Let u(v) = 7*v - 2. Let z be u(1). Determine o(z).
-8
Let i(t) = t**2 + 8*t - 4. Let l = -207 + 199. Give i(l).
-4
Let d(h) be the first derivative of h**7/840 - 7*h**6/360 + h**4/4 - 7*h**3 + 17. Let r(q) be the third derivative of d(q). Determine r(7).
6
Let r(a) = 8*a + 2. Let g = 17 - 10. Suppose -4*j - 3*n = -11, 4*j + n = g*j + 8. Let u be r(j). Let k(x) = 2*x + 3. Give k(u).
-9
Let b(y) = y**3 - 4*y**2 + y - 4. Let p be 9 - 0 - 40/10. Suppose p = s - 19. Suppose 5*g = s - 4. Give b(g).
0
Let m(d) = 4 - 4 + 1. Let f(a) = -a - 8. Let i(l) = -3*f(l) - 15*m(l). Let h = -44 - -38. Determine i(h).
-9
Let r(j) = -j**2 + 21*j - 97. Let x be r(14). Let l(v) = -3*v**2 + 3*v**2 - 6*v**2 + v - 4*v**2. Calculate l(x).
-9
Suppose 4*o - 71 = p, -2*o + 2*p + 26 + 2 = 0. Suppose o*t - 14*t + 30 = 0. Let i(y) = y + 5. What is i(t)?
-1
Let b(x) = -x + 1. Let j be (-8)/(-6)*36/(-4). Let f = -42 + 27. Let i = j - f. Calculate b(i).
-2
Suppose -4*u + 3 = -a + 19, 0 = -4*a + 4*u + 28. Let r(i) be the third derivative of 0*i + 1/24*i**a + 3*i**2 + 0*i**3 + 0 + 1/30*i**5. Give r(-2).
6
Let d(z) = 5 + 2*z**2 + z**3 - 4 + 0*z + z**2 + 3*z. Let v be d(-2). Let a(o) = 17*o**3 - 2*o**2 - 2*o - 1. Calculate a(v).
-18
Let r(z) be the first derivative of 5*z**4/2 - z - 457. Calculate r(1).
9
Let j(z) = z**2 + 5. Suppose -4*f - 10 = -2*f, 3*i + f = 7. Calculate j(i).
21
Let y(k) = -k**2 - 3*k + 3. Let j be y(-2). Suppose 2*v + 3*v = -t + 6, 0 = -j*t - 3*v + 52. Let p(g) = g**3 - 11*g**2 + 2*g - 10. Give p(t).
12
Let s(i) = -i**2 + 6*i - 4*i**2 + 8*i**2 - 2*i**2 + 3. Let r = 14 + -10. Suppose 31 = -r*u + 11. Determine s(u).
-2
Let z(q) be the third derivative of 0*q + 18*q**2 + 0 - 5/6*q**3 - 1/24*q**4. Calculate z(-4).
-1
Suppose -2*s + 48 = 6. Suppose -2*k + s = k. Let x(o) = -43 + 24 + o + 15. Determine x(k).
3
Let r(x) = x**3 + 1. Suppose 8 = 7*w - 13. Let a be -2 + w/(-6)*0. Determine r(a).
-7
Let a be -1*(2 + (-15)/(-3)). Let d(h) = -h**2 - 14*h - 5. Let z(w) = w - 7. Let g be z(2). Let v(q) = q**2 + 15*q + 4. Let m(u) = g*v(u) - 6*d(u). Give m(a).
-4
Let i(k) = k**2 - 5*k - 5. Let z(v) = v**2 - 15*v - 10. Let q(d) = -2*d**3 - 5*d**2 - 3*d - 2. Let g be q(-3). Let p be z(g). Give i(p).
1
Suppose 4*w = 4*v + 8, w - 5*v + 7 = -3. Let l(k) be the first derivative of 6 + 3*k + 2*k**2 + 1/4*k**4 - 2*k**3. Calculate l(w).
-2
Let z(d) = -6*d + 4. Let k be (9 - 14 - -13) + -6. Give z(k).
-8
Let k(h) = -2*h + 24. Let o be k(11). Let l(p) = -2 + 18*p**2 + 5*p + 5*p - 19*p**o. Let j be l(10). Let i(m) = -2*m**3 - 3*m**2 + m + 2. Calculate i(j).
4
Let a(k) = -k - 4 + 2 - 1. Suppose 2*l + 8 = -4*d, -1 - 13 = 2*d - 4*l. Let r be ((-12)/d)/(4/(-6)). What is a(r)?
3
Let w(v) = v**3 - 2*v**2 + 3. Let a = 38 + -33. Let o = a - 2. What is w(o)?
12
Let t(w) = 6*w - 1. Let x be t(1). Let f(r) = r**3 - 5*r**2 - 2*r + 3. Give f(x).
-7
Let p(l)